 of y**4/12 - y**3/6 - 2*y**2 - y + 1. What is z(0)?
-4
Let z(k) be the third derivative of -k**6/120 + k**5/20 + k**4/6 + 3*k**3/2 + 450*k**2. What is z(5)?
-21
Let s(t) = -3*t**2 + 18*t + 21. Suppose 7 = -0*o + o - q, 4*o - 12 = -4*q. Let a(c) = 2*c**2 - 9*c - 11. Let f(g) = o*a(g) + 3*s(g). What is f(-7)?
-6
Let h(o) be the second derivative of o**6/720 + o**5/40 - o**4 + 16*o. Let w(f) be the third derivative of h(f). What is w(-5)?
-2
Let f(y) = y**3 - 3*y**2 - 11*y - 10. Let m be f(-1). Let o(w) = -w**3 - 7*w**2 - 8*w + 1. Calculate o(m).
-11
Let f(g) = g**3 - 6*g**2 - 6*g - 8. Suppose 0 = -5*j + 3*p + 21, -2*j + 3*j - 5*p + 9 = 0. Let a be 6 - -3*2/j. Determine f(a).
-1
Let n(t) = -14*t. Suppose 4*j = 3*u + 19, u - 4*j + 20 = 3. Give n(u).
14
Let w(u) = -u**3 + 6*u**2 + 3. Let r be w(6). Suppose r*g - 8*g - 10 = 0. Let v(q) = -q**3 - q**2 + 2*q - 1. Determine v(g).
-1
Let h(i) = -i**3 + 4*i**2 - 4*i - 1. Let z be (-8)/5*45/(-18). Suppose -4*b + 16 = 4*t, 0 = -z*b + 3*b + 4*t - 1. Determine h(b).
-4
Let b(q) = -3*q - 3. Suppose -10 = -f - 4. Let k(g) = -3*g - 3. Let n(m) = f*k(m) - 7*b(m). Let o(r) = -r**2 - 3*r + 7. Let x be o(-5). Determine n(x).
-6
Let s(h) = h**3 + h**2 - h - 3. Let b be 2 - (2 + (-2 - 0)). Let m(z) = 6*z**2 - 8 - z**2 - z**b - 4*z + 3*z**3. Let w(g) = -2*m(g) + 7*s(g). Determine w(0).
-5
Suppose -4 = s + 24. Let v be s/(-7) + (-16 - -2). Let f be 9/(-3) - (6 + v). Let o(i) = 15*i**3 + i**2 - i + 1. Determine o(f).
16
Let g(u) be the first derivative of 5*u**4/2 - 2*u**3/3 + u + 176. Give g(-1).
-11
Suppose -43*d + 46*d = 4*l - 5, 0 = 4*d + 4*l - 12. Let f(n) = 10*n. Let m(q) = -3*q. Let g(u) = 3*f(u) + 8*m(u). Calculate g(d).
6
Let s(c) be the first derivative of 3*c**2/2 - 45*c + 201. What is s(14)?
-3
Let s = -472 - -477. Let x(b) = -b**2 + 7*b - 11. What is x(s)?
-1
Suppose 3 = d + w, 6*d = 3*d - w + 7. Let k(c) = 2*c + 1. Determine k(d).
5
Let u(i) = i + 2. Suppose 2*a = 4 - 0. Suppose 6*d + 4*h - 29 = 3*d, -h = -d - a. Let v be d/(-2)*20/6. Give u(v).
-3
Let p(f) be the second derivative of f**5/20 - f**4/4 - 2*f**3/3 + f**2 + 210*f. Give p(4).
2
Let w(h) = h**2 - 6*h + 2. Let a(x) = x**3 + 15*x**2 + 13*x - 8. Suppose 0*t + 1 = t + 3*k, t + k = -9. Let v be a(t). What is w(v)?
2
Let x(n) = 3 + 4*n + 2*n - 4 - 5*n. Let s be x(3). Let o(c) = s*c + 3 + 3*c**2 - 7*c**2 - 3*c - c**3. Calculate o(-3).
-3
Let w(q) = q**3 + 2*q**2 - 5*q - 3. Let k be w(-3). Let n(j) = -1 + 0 - 2*j**2 + k - 4*j - 4. Let f be ((-14)/6 - -2)*9. What is n(f)?
-8
Let b(c) = c**2 + c + 3. Let j be b(2). Let k(y) = -y**2 - 5*y + 3. Let o be k(-5). Let a(d) = d + 0*d**2 + 0*d**2 + j*d**o. What is a(1)?
10
Let w be (33/22)/(3/(-4))*-6. Let y(o) = -o**2 + 12*o + 12. Give y(w).
12
Let g(k) = k**2 + 6*k + 12. Let v be (-15)/6 + 2 - 36/8. Give g(v).
7
Let b(i) = -10*i**3 - 50*i**2 + i**3 + 49*i**2 - 6. Let a(q) = -3 + q**2 - q**2 - 4*q**3. Let k(f) = -7*a(f) + 3*b(f). Determine k(3).
3
Suppose -2*r + 5*v + 29 = -4, -5*r - 5*v - 5 = 0. Let a = r + -2. Let u(o) = 2*o**2 + 0*o - o**a + 6 + 5*o + 4*o. Calculate u(-7).
-8
Let r(l) = -2*l + 6. Suppose 2175*u - 18 = 2172*u. What is r(u)?
-6
Let b(n) be the second derivative of -3*n + 0*n**2 + 0 - 1/3*n**4 + 0*n**3. Suppose -4*y - 5*r = -16, 0 = 2*y - 4*r + 3 + 15. Calculate b(y).
-4
Let l(b) = -b - 15. Let x be l(-4). Let q(f) = 2*f + 18. Calculate q(x).
-4
Suppose -2*d + 7*d = -3*k + 48, 3*d + 24 = 3*k. Let z(i) = 4 - 17 + 6 + k + i. Let w be (-6 - -7)*(-3 - 0). Calculate z(w).
1
Let v(z) = 2*z**2 + 3 + 3*z + 10*z**2 + 4 + 3*z**2 - 16*z**2. Let y(j) = -j + 5. Let n be y(0). Give v(n).
-3
Let r be (3 + -2 - 2)*3. Let s(d) be the second derivative of -d**5/20 - d**4/6 + d**3/6 - d**2 - 56*d. Give s(r).
4
Let c(y) be the second derivative of -7/6*y**3 + 0 + 1/2*y**2 - 7/12*y**4 + 7*y - 1/20*y**5. Determine c(-6).
7
Let w(y) = 4*y - 4*y - 4*y + 2*y + 4 + 3*y. Give w(-4).
0
Let o(r) = -r**2 + 15*r - 16. Let i(g) = -9*g - 45. Let h be i(-6). Calculate o(h).
38
Let z(g) = 6*g**2 + 5*g - 17. Let m(t) = 3*t**2 + 2*t - 8. Let w(j) = 13*m(j) - 6*z(j). What is w(4)?
30
Let t(s) = s**3 + 4*s**2 + 2*s + 6. Let h be t(-4). Let d be 11 - 21 - (-1 + h). Let r(o) = o**3 + 6*o**2 - 6*o + 9. Determine r(d).
2
Let o(h) = h**3 + 5*h**2 - 5*h - 8. Let d(p) = 6*p - 101. Let x be d(16). What is o(x)?
17
Let b(n) = -3 - 2*n**2 - 16*n - n**3 - 6*n + 19*n. Let o = -47 + 45. Calculate b(o).
3
Let p(n) = -n**3 - 7*n**2 - n - 7. Let s = -1 - 10. Let v = s - -4. Calculate p(v).
0
Let q(b) = b**2 - 11*b - 24. Let i be q(13). Let m(t) = 5 + 5*t + 4*t**2 - 5*t**2 + 0*t**i - 1. Calculate m(6).
-2
Let v = 4 - 1. Suppose 4*l = -4*z + 2*z + 28, 0 = v*z. Let i(a) = -a + 2. Determine i(l).
-5
Let d = 19 + -13. Let x(f) = 2 + 2 + 8 - 1 + d*f - f**2. Calculate x(8).
-5
Let j(u) be the first derivative of 19*u**4/4 + u + 25. What is j(1)?
20
Let y(b) = -2*b**2 - 2*b. Let g = -31 - -31. Suppose g = -17*v + 12*v - 15. Calculate y(v).
-12
Let k(q) be the third derivative of q**5/60 + q**4/3 + q**3/6 + 65*q**2. Calculate k(-10).
21
Let v = 28 + -27. Let o(k) = 1 - 2*k + 2 - 3 + v. What is o(-2)?
5
Let z be 7/(-7) + (0 - 3). Let t(d) = d**2 + d + 4. Determine t(z).
16
Let y(g) = g**2 - 9. Let f(c) = -c**2 + 28*c + 29. Let p be f(29). Calculate y(p).
-9
Let j = 1 - 2. Let u(b) = -2*b - 15. Let r be u(-10). Let p(w) = -4 + 5 + 5*w + r*w**2 + 0*w - 3*w. Give p(j).
4
Let d(l) = -8*l**3 - 2*l + 3 - l + 9*l**3. Let k be d(2). Let f(m) = -9 + 2 + k + 2*m**2. Calculate f(-2).
6
Suppose -2*p - 22 = -5*g, 4*p - 3*p - 3*g = -13. Let b(z) = -5*z + 1. Calculate b(p).
6
Suppose -68 = -14*d + 16. Let l(v) = -v**3 + 6*v**2 + 4. Determine l(d).
4
Let f(t) = -t**2 + 4*t + 17. Let b be f(6). Let j(r) = -4 - 3 + 16 - 5*r - b. Determine j(3).
-11
Let o(z) be the first derivative of -z**4/24 - 5*z**3/6 + 2*z**2 - 12. Let t(d) be the second derivative of o(d). Give t(-5).
0
Let p(u) = -5*u + 2. Suppose 275 = -31*b + 27. What is p(b)?
42
Let j(f) = -f**2 + 3*f - 2. Let q(s) = -s**2 - 4*s + 1. Let w = 7 - 9. Let u be q(w). Suppose u*n - 4*h - 23 = 0, -4*n + 5*h - h + 20 = 0. What is j(n)?
-2
Let r(u) = u**2 + 14*u - 21. Let n(w) = -w**3 + 16*w**2 + 34*w + 21. Let z be n(18). Determine r(z).
-6
Let n(y) = 7*y**2 - 8*y - 9. Let p(a) = -6*a**2 + 8*a + 8. Let h(s) = 5*n(s) + 6*p(s). What is h(7)?
10
Let w(b) = -b - 2. Suppose 0 = 14*s - 12*s - 124. Suppose -s*v + 61*v = 5. Determine w(v).
3
Let q(s) = -5*s**3 - 14*s**2 - 10*s + 11. Let u(o) = 6*o**3 + 15*o**2 + 11*o - 11. Let b(n) = 7*q(n) + 6*u(n). Determine b(8).
-21
Let l(q) = -q**2 - 3*q + 7. Suppose f + 5 = 3*s - 8*s, -3*f = -3*s - 3. Suppose -4*x + f*x - 16 = 0, x + 24 = -4*k. Calculate l(k).
-3
Let p(c) = -4*c**3 - c**2 - 2*c - 1. Let u be 7964/(-121) - (4/22)/1. Let j = u - -65. Calculate p(j).
4
Let m(c) be the second derivative of -c**4/12 + c**3/3 + c**2/2 + 10*c. Let u(y) = -y**2 + 12*y - 16. Let p be u(11). Let r be (-8)/40 - (-4)/p. Determine m(r).
-2
Let q = -8 + 1. Let x = 16 - 14. Let i(z) = -3*z**2 + 8 - 3*z**x - z**3 + 9*z - 2*z + z. Determine i(q).
1
Let c = 309 + -305. Let x(w) = 2*w**2 - 6*w + 2. What is x(c)?
10
Suppose -5*k - 4*s = -75, -7*k + k - 5*s = -91. Let y(d) = d**3 - 10*d**2 - 9*d - 14. Give y(k).
8
Let x(p) be the third derivative of -32*p**2 + 3/20*p**5 + 1/24*p**4 + 0 + 0*p**3 + 0*p. Let b be ((-2)/(-3))/(4/6). Calculate x(b).
10
Let o(p) = -p - 8. Let y be 12/3 + 4 - -4. Suppose 4*b = 0, 2*c - 2*b = -3*b + y. Calculate o(c).
-14
Let u = 23 + -16. Let r(j) = 3*j**3 + 4*j**2 + 14*j - 1. Let s(f) = 2*f**3 + 5*f**2 + 8*f - 1. Let g(o) = -3*r(o) + 4*s(o). Calculate g(u).
-22
Let f(c) = -c + 5. Suppose 12*n = 16*n. Suppose -3*g = -n*g + 18. Give f(g).
11
Let x be (-1)/(2*(-1)/10). Suppose -2*a + 2*b + 109 = -23, 4*b - 8 = 0. Let o(c) = 73*c - c**2 - 1 - a*c + 0. Give o(x).
-1
Let r(x) = -x**3 - 2*x**2 - 2*x + 1. Let s(d) = -d**3 + d**2 + 2*d - 2. Let g = -3 + 1. Let y be s(g). Let j be (-1)/((0 + 3)/y). Calculate r(j).
5
Let r(x) be the first derivative of x**4/4 + x**3/3 + x**2 - 4*x + 20. Give r(3).
38
Let w(u) = u + 1 + 0*u - 7*u**3 + 8*u**3 - 5*u**2. Suppose -70*r + 12 = -67*r. What is w(r)?
-11
Suppose -7 = g - 17. Suppose -6 = 7*p - g*p. Let k(i) = -1 + p + i**2 + i**2. What is k(-1)?
3
Le